*f(j) + 7*v(j). Calculate q(-8).
-3
Let p = -23 - -34. Let q = -9 + p. Let s(k) = 5 - 13*k - 9*k**2 + 4*k + 3*k**q + k**3. Determine s(7).
-9
Let f(w) = 14*w. Let g(b) = -27*b. Let l(v) = 5*f(v) + 2*g(v). Give l(-1).
-16
Let u(y) = -3*y + 4. Let z be u(0). Suppose -z*n - 3 = -3*n. Let l(s) = s**2 + 7*s + 4. Determine l(n).
-8
Let j = -107 - -103. Let u(c) = -5*c - 3. Let n(a) = -4*a - 2. Let y(d) = j*u(d) + 6*n(d). What is y(-2)?
8
Let m(p) be the first derivative of p**4/2 - 7*p**2/2 + 2*p + 590. What is m(2)?
4
Let f(w) = w**3 - 3*w**2 + 3*w - 2. Let b = -12 + 14. Let u be f(b). Let p(y) = 11*y - 16. Let a(x) = 3*x - 5. Let o(s) = -7*a(s) + 2*p(s). What is o(u)?
3
Let p(h) = h**2 - 6*h + 6. Let l(r) = 2*r**2 - 12*r + 13. Let z(y) = 6*l(y) - 13*p(y). Let v = -32 + 93. Let f = v - 55. What is z(f)?
0
Let t(m) be the second derivative of m**5/20 - m**3/6 + 3*m**2 + m. Let z be t(0). Let r(i) = -i**2 + 6*i + 4 - 2 + 0 + 1. What is r(z)?
3
Let a = -1118 - -1111. Let v(c) = c**3 - c**2 + c + 1. Let d(f) = -7*f**3 - 2*f**2 - 12*f + 1. Let j(g) = -d(g) - 6*v(g). Give j(a).
0
Let w be (-1 - -1) + (1 - 0). Let h(s) be the second derivative of s**3/6 + 9*s. Let y(x) = -9*x. Let g(l) = -21*h(l) - 3*y(l). Calculate g(w).
6
Suppose 5*y - 2*y = 48. Let m be 164/y - 3/12. Let t(a) = a**2 - 10*a + 4. What is t(m)?
4
Let k(h) = -16*h**3 + 14*h**2 - 5*h + 20. Let d(j) = 3*j**3 - 3*j**2 + j - 4. Let r(y) = -11*d(y) - 2*k(y). Determine r(4).
16
Let t(z) be the second derivative of -z**4/12 + z**3/6 + 7*z**2/2 - z. Let h = 141 - 136. Calculate t(h).
-13
Suppose 20 = 10*i - 0. Let z(s) = i*s - 14 - 15 - s + 36. What is z(-6)?
1
Let z(y) = 2*y**3 - y**2 + 1. Let q(r) = -11*r**3 + 10*r**2 - 8*r - 11. Let c(n) = -q(n) - 6*z(n). Calculate c(-6).
29
Let z(w) = -21*w + 50. Let f(d) = 10*d - 25. Let q(t) = -5*f(t) - 3*z(t). Let c(g) = -3*g + 6. Suppose -4 = -3*x + x. Let k(o) = x*q(o) + 9*c(o). What is k(-4)?
8
Suppose -333*j + 89 = -244*j. Let o(v) = -3 + 3 - 2*v + 1 - v**3. What is o(j)?
-2
Suppose 4*r - 5*z + 6 = 0, 2*r + 2*z = -3*z + 12. Let o(m) = 7*m**3 - 8*m**2 - 4*m - 1. Let g(b) = -b**2 - b. Let u(w) = 6*g(w) - o(w). Give u(r).
-6
Let w(y) = y - 1. Let r = -31 + 47. Suppose 18*j = 14*j + 8. Suppose 2*p = 4, -j*x - x + r = -p. What is w(x)?
5
Let t(h) = 0 - 4*h**2 - 1 - 4*h + 0 + h**3. Suppose j + 5*p + 15 = 0, 4*p = j - 2 - 19. Calculate t(j).
4
Let v(l) be the second derivative of 2*l**3/3 - l**2 - 27*l. Let q(g) = -8*g + 5. Let s(y) = 3*q(y) + 7*v(y). What is s(2)?
9
Let n(f) = -f**2 - 5*f + 19. Let q be n(-7). Let x(d) be the second derivative of 7/12*d**4 + 1/20*d**q - 5*d + 0 + d**3 - 3*d**2. Determine x(-6).
-6
Let w(l) = 4*l - 65. Suppose 0 = 6*o + 455 - 551. Calculate w(o).
-1
Let o be (-16)/18 - (-2)/(-18). Let i(b) = -3*b**2 - 2*b - 1. Determine i(o).
-2
Let g(j) = -j**2 - 6. Let v be 2/(-4)*(5 + -1). Let r = v - 2. Let n(x) = -x**2 - x - 5. Let p(b) = r*n(b) + 3*g(b). Determine p(-5).
7
Let r(y) be the third derivative of y**5/60 + 3*y**4/8 + 5*y**3/3 - 57*y**2. Let w be (-112)/(-16)*1*-1. What is r(w)?
-4
Let r be (-11)/(-44) + 6/8. Let x(v) = -2*v - 1. Let h(d) = -19*d - 3. Let o(c) = h(c) - 2*x(c). What is o(r)?
-16
Let b(y) = 50*y + 16. Let h(x) = -29*x - 10. Let u(t) = -4*b(t) - 7*h(t). Let f = -1 - -6. What is u(f)?
21
Let g(j) = -6*j - 9. Let k(c) = -4*c + 6. Let p(h) = 5*h - 7. Let a(f) = 6*k(f) + 5*p(f). Let d(x) = -12*a(x) - g(x). Determine d(-2).
9
Let k(d) = -d + 16. Let y(r) = 2*r + 11. Let i be y(0). Let v(p) = 3 - 9 + i. Let o(m) = -2*k(m) + 7*v(m). Give o(4).
11
Let f(s) = s**3 - 11*s**2 - 12*s + 2. Let q be f(12). Let y(v) = 4 - 2 + v**3 - 1 - v**q - 4*v + 3*v**2. Give y(-3).
4
Let g(c) = -4 - 3 + 3 - 4*c - c**3 + 6*c**2. Suppose -3*l = -2*l - 2. Let w be 1/(l*(-1)/(-10)). Give g(w).
1
Let t be 532/266*1*1*-1. Let b(d) = d**3 + 2*d**2 + 2*d + 4. Calculate b(t).
0
Let s(n) = 9*n**3 + 25*n**2 - 49*n + 40. Let x(j) = 5*j**3 + 13*j**2 - 25*j + 22. Let h(m) = -4*s(m) + 7*x(m). Determine h(-11).
5
Let f(y) = -123 + 2*y - 115 + 233. Give f(4).
3
Suppose 5*q = -4*h + 2*h - 30, -4*q + 2*h = 24. Let v(b) = b + 12. What is v(q)?
6
Let b(q) = -9*q**3 + 2*q**2 - 2*q + 1. Suppose -80 = 15*z - 95. What is b(z)?
-8
Suppose -5*b = -b - 108. Suppose -45 - b = -2*u. Let q = u + -30. Let y(d) = d**2 - 6*d + 5. Give y(q).
5
Suppose 4*b - 14 = 2*r, -5*b - r - 3*r - 2 = 0. Let x(c) = 5*c + 3. Determine x(b).
13
Let f(q) = -q + 2. Let g be f(-6). Let h(b) be the second derivative of b**4/12 - 11*b**3/6 + 7*b**2/2 - 34*b. Give h(g).
-17
Let k(z) = 2*z + 1. Suppose 0 = -d + 20 + 16. Let t be 316/d + 4/18. Let n(r) = r**3 - 9*r**2 + r - 11. Let x be n(t). Determine k(x).
-3
Let m(b) be the first derivative of b**4/4 + 2*b**3 + 3*b**2/2 - 61. Give m(-5).
10
Let i(j) = j**2 + 21*j + 83. Let b be i(-16). Let r(t) = t. Let o be r(3). Let a(z) = -5 - 4*z + o*z**3 - 2*z**3 + 4 - 2*z**2. Give a(b).
-4
Let t(q) = -q - 14. Let j(y) = 2*y - 65. Let m be j(24). Determine t(m).
3
Let l(m) be the second derivative of -m**3/3 + 11*m**2 - m - 7. Give l(0).
22
Let h(q) = -2*q - 1. Let l be 1107/164 + 3/(-4). What is h(l)?
-13
Suppose 5 + 10 = 5*x. Suppose 4*f = 3*g - 15, x*g - f = 3 + 12. Let w(k) = -k**2 + 4*k + 6. What is w(g)?
1
Suppose z - 3*z = -x - 25, -x + 35 = 2*z. Let f(k) = -203 + 203 + z*k. What is f(1)?
15
Suppose 0 = 5*q - 5*i + i - 7, -10 = -5*i. Let g(w) = 4*w**2 - q*w**2 + 4 - 1 - 8*w. Let j(f) = 15*f**2 - 9*f + 1. Let y be j(1). Give g(y).
-4
Let b(x) be the first derivative of -x**4/4 + x**3/3 - 4*x - 1. Let y = -19 - -22. Let a(k) = -k**3 + 2*k**2 - 5. Let l(i) = y*b(i) - 2*a(i). What is l(-2)?
2
Let x(h) = -47 - 5*h**3 - 4*h**2 + 8*h**3 + 42 - 2*h - 2*h**3. Determine x(5).
10
Suppose -4*s - 26 = -2*s + 5*n, 4*s + n + 70 = 0. Let h be ((-24)/15)/(s/(-45)). Let f(m) = -m**2 - m + 5. What is f(h)?
-7
Let d(v) be the first derivative of 2*v**3/3 + 3*v**2/2 - v - 37. Determine d(-3).
8
Let i be -6 - ((4 - 2) + -3). Let d(z) be the second derivative of -z**3/3 - 2*z**2 - 138*z. Calculate d(i).
6
Let g(z) = 5 - 5*z + 0*z - 11 + 2*z. Suppose -2*s + 8 = -0*s. Let b be 8/((-9)/(18/s)). Give g(b).
6
Let n(m) = -3 + 1 - 4*m + m**3 - 1 - 4*m**2. Let z(o) = 20*o + 45. Let r be z(-2). What is n(r)?
2
Let g = 39 + -44. Let t(w) = -w + 5. Let r(p) = -p. Let d(u) = -4*r(u) + t(u). Determine d(g).
-10
Let h(a) = -11 + 3 - a - 4*a + 0*a. Let z(y) = -4*y - 7. Let i(l) = -5*h(l) + 6*z(l). Suppose 4*g - 16 = -2*d + 2*g, -d - 22 = -5*g. Determine i(d).
1
Let j(y) be the first derivative of 10*y - 5*y**2 + 23 + 1/3*y**3. What is j(8)?
-6
Let g = 6 + 2. Let a be g/36 + (-22)/18. Let d(k) = -3*k + 1. What is d(a)?
4
Let a be 0/((5 - 6) + 5)*1. Let w(j) = j**3 - j. Give w(a).
0
Let k(a) = a**3 + 6*a**2 + 10*a + 5. Suppose j + 6 = h, -6*j + 2*h = -7*j. What is k(j)?
-3
Let h(y) = -y**2 + 7*y - 1. Let x(a) = a**2 + 5*a + 10. Let c(k) = -k**2 + 4*k - 1. Let g be c(5). Let w be x(g). Let t = -9 + w. Determine h(t).
-1
Let d = 96 + -94. Let y(h) = d - 42*h + 22*h - 1. What is y(1)?
-19
Suppose m - 3*m = 18. Let j(s) = -s**2 - 10*s - 9. Let y be j(m). Let h(c) = -2*c - c**2 + 5*c + 5*c - 1 + y*c**2. Give h(7).
6
Let p(q) be the second derivative of -q**7/2520 - q**6/144 + q**5/120 + 2*q**4/3 - 4*q. Let u(s) be the third derivative of p(s). What is u(-5)?
1
Suppose 1 = v - 1. Suppose 5*l + 4*b = 130, 43 = 4*l - b - 40. Let s(p) = 18*p - l*p + 6 - 3. Give s(v).
-5
Let b = -114 + 118. Let m(r) be the third derivative of -r**6/120 + r**5/15 + r**4/24 - 20*r**2. Calculate m(b).
4
Let l(c) = -9 - 8*c + 5*c + c + c. Let u be l(-4). Let m(j) = j**2 + 4*j - 6. What is m(u)?
-1
Let p(v) be the second derivative of -1/12*v**4 + 8*v + 0 - 2/3*v**3 + 3*v**2. Let n be 1/4 - (-25)/(-4). Calculate p(n).
-6
Suppose -22*p - 2 = -20*p. Let c(z) = -38*z**3 + 5*z**2 - 16*z - 16. Let o(l) = -13*l**3 + 2*l**2 - 6*l - 6. Let u(g) = 3*c(g) - 8*o(g). Determine u(p).
9
Suppose 0 = 15*j - 11*j - 16. Let l(s) = -3*s + 11. Let k(b) = -6*b + 23. Let n(p) = -6*k(p) + 13*l(p). What is n(j)?
-7
Let c(v) be the third derivative of v**5/60 - v**4/12 + v**3/3 + 118*v**2. Determine c(3).
5
Suppose -19*k + 29 = -3*t - 24*k, 4*t - 4 = 4*k. Let b(i) = i**3 + 3*i**2 + 1. Calculate b(t).
1
Let s(a) = a**2 + 8*a + 11. Let n be s